*m + r. Calculate a(m).
5
Let k(m) be the second derivative of -2/3*m**3 + 3/2*m**2 + 0 + m - 7/12*m**4 - 1/20*m**5. Let i be (4/(-10))/((-261)/135 - -2). Give k(i).
-9
Let u be 38/20 - 3/(-30) - 5. Let n(s) = s**3 + s**2 - s + 3. Determine n(u).
-12
Suppose -3*n + 2 = 14, -3*n = -5*p + 492. Let i = p - 101. Let t(s) = s. Give t(i).
-5
Let j(q) be the third derivative of -q**6/120 - q**5/60 + q**4/6 + q**3/2 + 22*q**2. Let g be (-1)/4 - 21/(-4). Suppose 0 = g*i - 9*i - 8. Give j(i).
-1
Let u be ((-80)/(-14))/(-2)*21/(-6). Suppose 6*w = -u - 2. Let l(v) = 0*v**2 - 3*v - 3*v**2 - 2 + 4*v**2. Determine l(w).
8
Let x(h) = h**3 - 5*h**2 - h + 2. Let b be 4*4/((-16)/(-17)). Let g = b - 15. Suppose -3*u + 29 = 4*o, 3 = -u + g*u. What is x(o)?
-3
Let n(r) = 3*r**3 - 10*r**2 + 7*r + 4. Let g(b) = 5*b**3 - 19*b**2 + 15*b + 9. Let z(a) = 4*g(a) - 7*n(a). What is z(-7)?
-20
Let i(h) = -26 + 4*h**2 - h - 3*h**2 + 32 + 7*h. Give i(-7).
13
Let h(l) = -l + 1. Let r be (9/36)/(1/4). Calculate h(r).
0
Let u(f) be the first derivative of -7/2*f**2 + 1/3*f**3 + 5*f - 3. Let g be u(5). Let q(j) = j**3 + 6*j**2 + 6*j + 5. Determine q(g).
0
Let a(g) = -20*g**2 - g - 1. Let h(s) = 61*s**2 + 3*s + 4. Let i(q) = 7*a(q) + 2*h(q). Determine i(1).
-18
Let m(v) = -v - 1. Let i(q) = 43*q - 1 - 42*q - 4. Let o(x) = -i(x) + 4*m(x). Let h = 2 + -3. Calculate o(h).
6
Let w(p) = -9*p - 4. Let o = -454 + 451. Determine w(o).
23
Let g(k) = -963*k**3 - 2*k - 37 + 483*k**3 + k**2 + 481*k**3 + 3*k. What is g(0)?
-37
Let v(y) = -y + 4. Let u(h) = h**2 + 2*h + 2. Let r be u(-2). Suppose 0 = -2*n - 4*d - 2, 2*n + r*n + d = 17. Suppose n*m = -0*m + 25. Calculate v(m).
-1
Let a be 1/6 - (-986)/204. Let o(d) = d**3 - 5*d**2 + 5*d - 4. What is o(a)?
21
Let p(w) = -5*w**3 + w**2 + 2*w - 5. Let o(m) = 4*m**3 - 2*m**2 - 2*m + 4. Let y(a) = -4*o(a) - 3*p(a). Let l = 64 - 59. Determine y(l).
9
Let q(v) = v - 2. Let y(g) be the second derivative of -g**4/12 + g**3 + 7*g**2/2 + 7*g. Let k be y(7). Let f be (-6)/((-2 - k)/2). Determine q(f).
4
Let i(r) = -r - 20. Let s(j) = -j - 20. Let z(p) = 2*i(p) - 3*s(p). Let w be z(-18). Let a(h) = h**3 - 3*h**2 + h - 1. What is a(w)?
-3
Let k(l) be the third derivative of -l**6/120 - l**5/60 + l**4/24 - 2*l**3/3 - 2*l**2. Let u(g) = -2*g**2 + 76*g + 75. Let x be u(39). Calculate k(x).
11
Let f(v) = -v**3 + v**2 - v - 1. Let w(j) = 3*j**2 - 2*j**2 + j + j - 3 - 4*j. Let u(p) = f(p) - w(p). Suppose 4*d = 5*x + 8, 3*x - 2 = -d - 0*x. What is u(d)?
-4
Let x(q) be the first derivative of q**2/2 - 14*q - 115. What is x(8)?
-6
Let j(q) = q - 2. Let t be j(4). Let g(f) = -13*f**t + 1 - 3*f**2 + 19*f**2. Calculate g(1).
4
Let n(l) = 22*l - 40*l + 10*l + l**2 - 6. Calculate n(7).
-13
Let i(k) = -11 + 2*k**3 + 11 + 3. Let o(c) = -8*c**3 - c - 13. Let y(n) = 9*i(n) + 2*o(n). Determine y(-2).
-11
Suppose -7 = 4*u - 39. Let q(s) = -4*s + 3 - 3*s + u*s. Determine q(-2).
1
Let k(x) = -x**3 + 3*x**2 - 2*x. Let a(b) = 2*b**2 - b + 2. Let l be a(-4). Let t = 26 - l. Let g(v) = v**3 + 12*v**2 + v + 14. Let o be g(t). Determine k(o).
0
Let o(d) = -5*d. Let p(a) = -a. Let v(n) = -o(n) + 4*p(n). Suppose 3*u - 36 + 45 = 0. Determine v(u).
-3
Let b(n) be the first derivative of -n**6/360 - n**5/60 + n**4/24 - 3*n**3 - 11. Let t(v) be the third derivative of b(v). Give t(1).
-2
Let s(n) = -9*n. Suppose -5*r = -4*y + 9, r - 8*y = -9*y. What is s(r)?
9
Let f(i) be the first derivative of -i**3/3 + 2*i**2 - 2*i + 3. What is f(6)?
-14
Let c be 679/28 - 9 - 1/4. Let g(k) = 2*k - 24. Determine g(c).
6
Let v = -71 + 72. Let c(y) = -12*y**2 + y. Calculate c(v).
-11
Suppose -29 = -4*i + 3*p, 5*i + 2 = -4*p + 15. Suppose 25 = i*h - 0. Let u(l) = h*l - 6 - l + 2*l - l**2. Calculate u(5).
-1
Let j be 120/(-16)*4/6. Let q(l) be the third derivative of l**5/60 + l**4/12 + l**3/6 + 8*l**2. Give q(j).
16
Let k(a) be the first derivative of a**2/2 - 3*a + 2. Let r be k(5). Let o(f) = -20 + 19 + 3*f**2 - f**3 + 0*f**3. What is o(r)?
3
Let u(f) = 0 - 1 + 5*f**2 - 2*f - 11*f**2 - 21*f**2 - 8*f**2. Give u(-1).
-34
Let w be (-1)/6 + (-124)/(-24). Let x(a) be the first derivative of 0*a + w*a - 5*a - 1 - 2*a - 2*a**2. Give x(-2).
6
Suppose t + 6 = -2*s, s = 3*s + 10. Suppose -t*g = -3*w - 236, 5*g = 5*w + 247 + 53. Let x be (-12)/(-8)*g/(-12). Let m(i) = -i**3 - 7*i**2 - 5. Determine m(x).
-5
Let o(b) be the second derivative of -b**7/840 - b**6/720 + b**5/60 + 3*b**4/4 + 16*b. Let f(v) be the third derivative of o(v). Calculate f(-2).
-8
Let h(m) = -5*m**3 - m**2 + 7*m - 1. Let z(l) = l**3 + l**2 - l - 1. Let v(d) = -h(d) - 6*z(d). Give v(-5).
12
Suppose 0 = 4*u - 3*h - 16, 0 = 2*u - 3*u - 5*h + 4. Suppose u*q = -3*p - 13, -4*q = -3*q + 4. Let k(w) = -p - 1 + 3 - 3*w + 1. Determine k(-4).
14
Let u(j) be the second derivative of -j**5/20 - 5*j**4/12 - 2*j**3/3 - 3*j**2 + 38*j. Let i be ((-4)/(-8))/(2/(-16)). What is u(i)?
-6
Suppose -k - 3 = -6*u + 2*u, k - 4 = -3*u. Let a(g) be the first derivative of -9*g**2/2 + 66. Determine a(k).
-9
Let k(h) be the second derivative of 5*h**3/6 + 3*h**2 + 9*h - 4. Determine k(-4).
-14
Let c(n) = -n**3 + n + 2. Suppose 2*j = -2*m - 0*m + 14, 0 = 3*m - 15. Suppose -b + 49 = -3*k, -b + 61 = -j*k - 6*b. Let s = -18 - k. Give c(s).
2
Let f(u) be the first derivative of u**3/3 - 3*u**2/2 - 9*u + 19. Give f(8).
31
Suppose 14 + 46 = -9*o - 3*o. Let m(t) = 3 - 3*t - 10*t**2 - 8 - t**3 + 4*t**2. Determine m(o).
-15
Suppose 5*d = 4*d - 2*k + 16, 0 = -5*d - k + 89. Let q(c) = -c**3 + 19*c**2 - 18*c + 1. Determine q(d).
1
Let l(w) = w**2 + 7*w - 62. Suppose -5*m - 6*k = -k + 65, -m + 4*k - 8 = 0. What is l(m)?
-2
Let x(i) = 13*i + 35 + 20*i**2 - 33 - 19*i**2. Calculate x(-12).
-10
Let t(d) = 4*d + 2*d + 4*d. Suppose -22*p = -24*p + 3*s + 1, -4*p = s + 5. Determine t(p).
-10
Let k(d) = 5*d**3 + 10*d**2 - 9*d + 2. Let v(p) = 3*p**3 + 7*p**2 - 6*p + 1. Suppose 1 - 16 = -3*s. Let z(w) = s*k(w) - 8*v(w). Let j = 2472 - 2467. Give z(j).
-8
Suppose -3*n - 5*j + 10 = 0, 4*n - j + 25 = -0*n. Let m = n - -7. Suppose 0 = m*p - 3*k + 5, 0*p + k = p + 2. Let d(o) = 4*o**2 + o + 1. Calculate d(p).
4
Let t(d) = -d**2 + d + 3. Let h = -28 - -31. Suppose -4*r + 2*y + 14 = 0, h*r - 2*y - 6 = -5*y. Determine t(r).
-3
Let m(t) = 6*t**2. Let v(i) = -19*i**2 - 3*i + 1. Let j(l) = -4*m(l) - v(l). Let y be (-1 - 1) + 2 + 2. Determine j(y).
-15
Suppose 0 = -7*k + 296 - 44. Let l be (2/3)/((-8)/k) + 0. Let z(w) = w**3 + 4*w**2 + 4*w + 3. Give z(l).
0
Let f(t) = -t**3 + 9*t**2 - 4*t + 3. Let n be f(8). Let q = n - 36. Let v(s) = 8*s - 1. Give v(q).
-9
Let a(u) = -4*u - 5. Let o(h) = -h**3 + 7*h**2 - 7*h. Let f be o(6). Let s(i) = 3*i + 3 + 5 - 4. Let w(t) = f*a(t) - 7*s(t). Determine w(4).
14
Let q(x) = x**2 + 54*x + 280. Let d be q(-48). Let h(l) = l**2 + 10*l + 5. Give h(d).
-11
Let o(c) = 6776 - 6771 - c**2 - 2*c + 8*c + 2*c. Determine o(6).
17
Let a(l) = 1 + 8 - 2 - 3*l - 3*l**2 + 2*l**2. Let i be a(-5). Let g(j) = j**3 + 4*j**2 - 6*j + 4. Let q(x) = -x**2 + x. Let m(t) = g(t) + 3*q(t). What is m(i)?
-5
Let s(q) = -q**3 - 7*q**2 + 3*q + 7. Suppose 3*g + j = -4*j - 562, -j = -1. Let t be ((0 + -1)*1)/((-27)/g). Give s(t).
-14
Let n(r) = -4*r - 5. Suppose -20*a + 24*a - 5*q = -3, -3 = a + q. What is n(a)?
3
Let j(d) be the first derivative of -5*d**4/4 + 2*d**3/3 + 2*d**2 - 5*d - 555. Give j(2).
-29
Let r be ((-4)/8)/((-1)/2). Let t = 1 + r. Let w(o) = -o**2 - o. What is w(t)?
-6
Let i(y) = y**3 + 6*y**2 + y + 6. Let m(h) = h**2 + 4*h - 3. Let r(l) = 0 - 5 - 8 + 3*l**2 + 12*l + 4. Let w(n) = -11*m(n) + 4*r(n). Let j be w(-3). Give i(j).
0
Let o(s) = s**3 + 25*s**2 - 24*s + 46. Let y be o(-26). Let j(a) = -a**3 - 6*a**2 - 6. Determine j(y).
-6
Let x(d) = -2*d + 6. Suppose 2*r = y + 18, -52 = 3*y - r - 13. Let j be ((-18)/4)/((-27)/y - 3). What is x(j)?
-6
Let u(a) = -a - 10. Let g be (1504/(-160) - (-14)/10) + 6. Give u(g).
-8
Let z = 16 - 19. Let y(u) = -6*u**2 - 5*u - 2. Let g(a) = 13*a**2 + 11*a + 5. Let t(b) = z*g(b) - 7*y(b). Give t(1).
4
Let g(t) = -33*t**2 + 21*t**2 + 9 + 13*t**2 + t - 6*t. Give g(3).
3
Let g(z) = z + 1. Let a(v) = 18*v + 14. Let h(l) = 53*l + 41. Let o(f) = -11*a(f) + 4*h(f). Let n(j) = -12*g(j) + o(j). Let i = -11 + 8. Give n(i).
-8
Let r(p) = -4*p**2 - 8*p + 9. Let j(f) = -5*